{"id":307,"date":"2026-02-12T13:29:09","date_gmt":"2026-02-12T11:29:09","guid":{"rendered":"https:\/\/www.boueebleue.fr\/index.php\/eden\/"},"modified":"2026-02-12T20:13:29","modified_gmt":"2026-02-12T18:13:29","slug":"eden","status":"publish","type":"page","link":"https:\/\/www.boueebleue.fr\/index.php\/eden\/","title":{"rendered":"Eden"},"content":{"rendered":"\t\t<div data-elementor-type=\"wp-page\" data-elementor-id=\"307\" class=\"elementor elementor-307\">\n\t\t\t\t<div class=\"elementor-element elementor-element-97e4b7a e-flex e-con-boxed e-con e-parent\" data-id=\"97e4b7a\" data-element_type=\"container\">\n\t\t\t\t\t<div class=\"e-con-inner\">\n\t\t\t\t<div class=\"elementor-element elementor-element-a7c3dea elementor-widget elementor-widget-heading\" data-id=\"a7c3dea\" data-element_type=\"widget\" data-widget_type=\"heading.default\">\n\t\t\t\t\t<h2 class=\"elementor-heading-title elementor-size-default\">EDEN<\/h2>\t\t\t\t<\/div>\n\t\t\t\t<div class=\"elementor-element elementor-element-115ff9f e-transform elementor-widget elementor-widget-image\" data-id=\"115ff9f\" data-element_type=\"widget\" data-settings=\"{&quot;_transform_scale_effect&quot;:{&quot;unit&quot;:&quot;px&quot;,&quot;size&quot;:1,&quot;sizes&quot;:[]},&quot;_transform_scale_effect_tablet&quot;:{&quot;unit&quot;:&quot;px&quot;,&quot;size&quot;:&quot;&quot;,&quot;sizes&quot;:[]},&quot;_transform_scale_effect_mobile&quot;:{&quot;unit&quot;:&quot;px&quot;,&quot;size&quot;:&quot;&quot;,&quot;sizes&quot;:[]}}\" data-widget_type=\"image.default\">\n\t\t\t\t\t\t\t\t\t\t\t\t\t\t\t<img fetchpriority=\"high\" decoding=\"async\" width=\"1024\" height=\"614\" src=\"https:\/\/www.boueebleue.fr\/wp-content\/uploads\/2026\/02\/edens-sj--1024x614.jpg\" class=\"attachment-large size-large wp-image-330\" alt=\"eden devanture du cin\u00e9ma\" srcset=\"https:\/\/www.boueebleue.fr\/wp-content\/uploads\/2026\/02\/edens-sj--1024x614.jpg 1024w, https:\/\/www.boueebleue.fr\/wp-content\/uploads\/2026\/02\/edens-sj--300x180.jpg 300w, https:\/\/www.boueebleue.fr\/wp-content\/uploads\/2026\/02\/edens-sj--768x461.jpg 768w, https:\/\/www.boueebleue.fr\/wp-content\/uploads\/2026\/02\/edens-sj--1536x922.jpg 1536w, https:\/\/www.boueebleue.fr\/wp-content\/uploads\/2026\/02\/edens-sj--2048x1229.jpg 2048w\" sizes=\"(max-width: 1024px) 100vw, 1024px\" \/>\t\t\t\t\t\t\t\t\t\t\t\t\t\t\t<\/div>\n\t\t\t\t<div class=\"elementor-element elementor-element-99058c5 elementor-widget elementor-widget-text-editor\" data-id=\"99058c5\" data-element_type=\"widget\" data-widget_type=\"text-editor.default\">\n\t\t\t\t\t\t\t\t\t<p>Jules, dans sa voiture, une photo ab\u00eem\u00e9e et un revolver pour seule compagnie, s&rsquo;appr\u00eate \u00e0 en finir. Mais une enseigne l&rsquo;appelle : Eden. Un cin\u00e9ma, un refuge, et peut-\u00eatre une seconde chance.<\/p>\t\t\t\t\t\t\t\t<\/div>\n\t\t\t\t\t<\/div>\n\t\t\t\t<\/div>\n\t\t<div class=\"elementor-element elementor-element-3dfe781 e-flex e-con-boxed e-con e-parent\" data-id=\"3dfe781\" data-element_type=\"container\">\n\t\t\t\t\t<div class=\"e-con-inner\">\n\t\t<div class=\"elementor-element elementor-element-1be5791 e-con-full e-flex e-con e-child\" data-id=\"1be5791\" data-element_type=\"container\">\n\t\t\t\t<div class=\"elementor-element elementor-element-7450ff1 elementor-widget elementor-widget-image\" data-id=\"7450ff1\" data-element_type=\"widget\" data-widget_type=\"image.default\">\n\t\t\t\t\t\t\t\t\t\t\t\t\t\t\t<img decoding=\"async\" width=\"713\" height=\"1024\" src=\"https:\/\/www.boueebleue.fr\/wp-content\/uploads\/2025\/08\/Affiche-EDEN-Nikon-713x1024.jpeg\" class=\"attachment-large size-large wp-image-294\" alt=\"affiche d&#039;Eden\" srcset=\"https:\/\/www.boueebleue.fr\/wp-content\/uploads\/2025\/08\/Affiche-EDEN-Nikon-713x1024.jpeg 713w, https:\/\/www.boueebleue.fr\/wp-content\/uploads\/2025\/08\/Affiche-EDEN-Nikon-209x300.jpeg 209w, https:\/\/www.boueebleue.fr\/wp-content\/uploads\/2025\/08\/Affiche-EDEN-Nikon-768x1103.jpeg 768w, https:\/\/www.boueebleue.fr\/wp-content\/uploads\/2025\/08\/Affiche-EDEN-Nikon-1070x1536.jpeg 1070w, https:\/\/www.boueebleue.fr\/wp-content\/uploads\/2025\/08\/Affiche-EDEN-Nikon-1426x2048.jpeg 1426w, https:\/\/www.boueebleue.fr\/wp-content\/uploads\/2025\/08\/Affiche-EDEN-Nikon-scaled.jpeg 1783w\" sizes=\"(max-width: 713px) 100vw, 713px\" \/>\t\t\t\t\t\t\t\t\t\t\t\t\t\t\t<\/div>\n\t\t\t\t<\/div>\n\t\t<div class=\"elementor-element elementor-element-d6ee3be e-con-full e-flex e-con e-child\" data-id=\"d6ee3be\" data-element_type=\"container\">\n\t\t\t\t<div class=\"elementor-element elementor-element-3df23a8 elementor-widget elementor-widget-text-editor\" data-id=\"3df23a8\" data-element_type=\"widget\" data-widget_type=\"text-editor.default\">\n\t\t\t\t\t\t\t\t\t<p style=\"color: #ffffff;\">R\u00e9alisation : <b>Lucas GRADAIVE<\/b><\/p><p style=\"color: #ffffff;\">2 min \u2013 fiction \/ Drame \/\u00a0<strong>2026<\/strong><\/p><p style=\"color: #ffffff;\">Avec\u00a0<strong>Nathan SUZEAU\u00a0<\/strong>et\u00a0<strong>L\u00e9na PERRIN-WILLM<\/strong><\/p><p style=\"color: #ffffff;\"><em>soutenu par la r\u00e9gion Nouvelle-Aquitaine, La Rochelle Universit\u00e9,<\/em><br \/><em>La CVEC, le CROUS de Poitiers et le dispositif Projets Jeunes<\/em><br \/><em>de la Charente Maritime<\/em><\/p><p style=\"color: #ffffff;\"><strong>S\u00e9lectionn\u00e9 au NIKON FILM FESTIVAL &#8211; <\/strong>Janvier 2026<\/p><p style=\"color: #ffffff;\">P\u00e9riode de production :\u00a0<strong>avril 2025 \u00e0 janvier 2026<\/strong><br \/>Tournage \u00e0 la Rochelle en\u00a0<strong>novembre 2025<\/strong><br \/><strong>Sortie en janvier 2026<\/strong>, sur le site internet du Nikon Film Festival<\/p>\t\t\t\t\t\t\t\t<\/div>\n\t\t\t\t<\/div>\n\t\t\t\t\t<\/div>\n\t\t\t\t<\/div>\n\t\t<div class=\"elementor-element elementor-element-de4a15b e-flex e-con-boxed e-con e-parent\" data-id=\"de4a15b\" data-element_type=\"container\">\n\t\t\t\t\t<div class=\"e-con-inner\">\n\t\t\t\t<div class=\"elementor-element elementor-element-8eb2371 elementor-widget elementor-widget-heading\" data-id=\"8eb2371\" data-element_type=\"widget\" data-widget_type=\"heading.default\">\n\t\t\t\t\t<h2 class=\"elementor-heading-title elementor-size-default\">L'\u00e9quipe technique<\/h2>\t\t\t\t<\/div>\n\t\t\t\t\t<\/div>\n\t\t\t\t<\/div>\n\t\t<div class=\"elementor-element elementor-element-58794e6 e-flex e-con-boxed e-con e-parent\" data-id=\"58794e6\" data-element_type=\"container\">\n\t\t\t\t\t<div class=\"e-con-inner\">\n\t\t<div class=\"elementor-element elementor-element-baa8680 e-con-full e-flex e-con e-child\" data-id=\"baa8680\" data-element_type=\"container\">\n\t\t\t\t<div class=\"elementor-element elementor-element-bda5ab7 elementor-widget elementor-widget-text-editor\" data-id=\"bda5ab7\" data-element_type=\"widget\" data-widget_type=\"text-editor.default\">\n\t\t\t\t\t\t\t\t\t<p>Sc\u00e9nario :\u00a0<strong>Lucas GRADAIVE<\/strong><br \/>Photographie : <b>Mathis GESLIN<\/b><br \/>Montage :<strong>\u00a0Lucas GRADAIVE<\/strong><br \/>Musique : <b>Mathias DURANTEAU<\/b><br \/>Maquillage &amp; coiffure :\u00a0 <b>Jody JONARD <\/b>&amp; <b>Fabiola AIGLE\u00a0 <\/b>Assistant r\u00e9al : <b>Julien COLLET VLANECK <\/b>&amp; <b>Thais MOSSANT\u00a0 <\/b>\u00c9talonnage :\u00a0<strong>Mathis GESLIN <\/strong>Mixage son : <b>Jules BELAIR<\/b><\/p>\t\t\t\t\t\t\t\t<\/div>\n\t\t\t\t<\/div>\n\t\t<div class=\"elementor-element elementor-element-e4751cc e-con-full e-flex e-con e-child\" data-id=\"e4751cc\" data-element_type=\"container\">\n\t\t\t\t<div class=\"elementor-element elementor-element-1695132 elementor-widget elementor-widget-image\" data-id=\"1695132\" data-element_type=\"widget\" data-widget_type=\"image.default\">\n\t\t\t\t\t\t\t\t\t\t\t\t\t\t\t<img decoding=\"async\" width=\"1024\" height=\"683\" src=\"https:\/\/www.boueebleue.fr\/wp-content\/uploads\/2026\/01\/DSC04041-2-1-1024x683.jpg\" class=\"attachment-large size-large wp-image-224\" alt=\"tournage eden dans cin\u00e9ma\" srcset=\"https:\/\/www.boueebleue.fr\/wp-content\/uploads\/2026\/01\/DSC04041-2-1-1024x683.jpg 1024w, https:\/\/www.boueebleue.fr\/wp-content\/uploads\/2026\/01\/DSC04041-2-1-300x200.jpg 300w, https:\/\/www.boueebleue.fr\/wp-content\/uploads\/2026\/01\/DSC04041-2-1-768x512.jpg 768w, https:\/\/www.boueebleue.fr\/wp-content\/uploads\/2026\/01\/DSC04041-2-1-1536x1024.jpg 1536w, https:\/\/www.boueebleue.fr\/wp-content\/uploads\/2026\/01\/DSC04041-2-1-2048x1365.jpg 2048w\" sizes=\"(max-width: 1024px) 100vw, 1024px\" \/>\t\t\t\t\t\t\t\t\t\t\t\t\t\t\t<\/div>\n\t\t\t\t<\/div>\n\t\t\t\t\t<\/div>\n\t\t\t\t<\/div>\n\t\t<div class=\"elementor-element elementor-element-26070d8 e-flex e-con-boxed e-con e-parent\" data-id=\"26070d8\" data-element_type=\"container\">\n\t\t\t\t\t<div class=\"e-con-inner\">\n\t\t\t\t<div class=\"elementor-element elementor-element-bdaef6e elementor-widget elementor-widget-text-editor\" data-id=\"bdaef6e\" data-element_type=\"widget\" data-widget_type=\"text-editor.default\">\n\t\t\t\t\t\t\t\t\t<p><b>REMERCIEMENTS :<\/b> Cl\u00e9ment Maturin, Nicolas Auneau, Lionel Chaumet, Coolisses17, CGR Dragon, Lovhan Renault, Julien Collet Vlaneck, Tha\u00efs Mossant, Cin\u00e9vals &#8211; Luka Renon, salle de spectacle Eden &#8211; Fabienne Compagnon, ville de Saint-Jean-D&rsquo;Ang\u00e9ly &#8211; Delphine Etchenique, Laura Gradaive, Eddy Gradaive, S\u00e9bastien Biget, Christophe Cosso, Jean-Philippe Tremellat<\/p>\t\t\t\t\t\t\t\t<\/div>\n\t\t\t\t\t<\/div>\n\t\t\t\t<\/div>\n\t\t\t\t<\/div>\n\t\t","protected":false},"excerpt":{"rendered":"<p>EDEN Jules, dans sa voiture, une photo ab\u00eem\u00e9e et un revolver pour seule compagnie, s&rsquo;appr\u00eate \u00e0 en finir. Mais une enseigne l&rsquo;appelle : Eden. Un cin\u00e9ma, un refuge, et peut-\u00eatre une seconde chance. R\u00e9alisation : Lucas GRADAIVE 2 min \u2013 fiction \/ Drame \/\u00a02026 Avec\u00a0Nathan SUZEAU\u00a0et\u00a0L\u00e9na PERRIN-WILLM soutenu par la r\u00e9gion Nouvelle-Aquitaine, La Rochelle Universit\u00e9,La [&hellip;]<\/p>\n","protected":false},"author":3,"featured_media":0,"parent":0,"menu_order":0,"comment_status":"closed","ping_status":"closed","template":"","meta":{"footnotes":""},"class_list":["post-307","page","type-page","status-publish","hentry"],"_links":{"self":[{"href":"https:\/\/www.boueebleue.fr\/index.php\/wp-json\/wp\/v2\/pages\/307","targetHints":{"allow":["GET"]}}],"collection":[{"href":"https:\/\/www.boueebleue.fr\/index.php\/wp-json\/wp\/v2\/pages"}],"about":[{"href":"https:\/\/www.boueebleue.fr\/index.php\/wp-json\/wp\/v2\/types\/page"}],"author":[{"embeddable":true,"href":"https:\/\/www.boueebleue.fr\/index.php\/wp-json\/wp\/v2\/users\/3"}],"replies":[{"embeddable":true,"href":"https:\/\/www.boueebleue.fr\/index.php\/wp-json\/wp\/v2\/comments?post=307"}],"version-history":[{"count":3,"href":"https:\/\/www.boueebleue.fr\/index.php\/wp-json\/wp\/v2\/pages\/307\/revisions"}],"predecessor-version":[{"id":333,"href":"https:\/\/www.boueebleue.fr\/index.php\/wp-json\/wp\/v2\/pages\/307\/revisions\/333"}],"wp:attachment":[{"href":"https:\/\/www.boueebleue.fr\/index.php\/wp-json\/wp\/v2\/media?parent=307"}],"curies":[{"name":"wp","href":"https:\/\/api.w.org\/{rel}","templated":true}]}}